e remainder when 93 is divided by 16/g*1 - -28?
21
Suppose -i - 2*i = -81. Suppose -30 + 0 = -2*p. Calculate the remainder when i is divided by p.
12
Let r be 61/6 - 5/30. Suppose 0*z - z = -r. What is the remainder when 39 is divided by z?
9
Let c be ((-16)/10)/(6/(-75)). Let g be c/(-16) - 1/(-4). Calculate the remainder when 12 + 0 - (g - 1) is divided by 8.
6
Let q = -126 - -147. Calculate the remainder when 57 is divided by q.
15
Suppose -14*f + 633 = 199. What is the remainder when 339 is divided by f?
29
Suppose 2*m + 2*r = -3 + 11, -3*r = m. Let j = m + -5. What is the remainder when 1 is divided by j?
0
Let d be ((-336)/63)/(2/(-9)). Let f be 1 + -1 - 28/(-2). Let w = d - f. What is the remainder when 38 is divided by w?
8
Suppose 0 = -4*s + 3*p - 6*p + 24, 2*p + 1 = 3*s. Let o be 44/s + (-4)/(-12). Suppose -2*t + o + 11 = 0. What is the remainder when 25 is divided by t?
12
Suppose -31 = k - 5*b, 2*k - 3*b = -17 - 17. Suppose 0*c + 18 = 3*c. What is the remainder when (k/2)/((-2)/4) is divided by c?
5
Suppose 113*z - 106*z - 63 = 0. Let g = -22 - -48. Calculate the remainder when g is divided by z.
8
Suppose -4*w + 2 = -3*w. Suppose -n = w, 181 = -k + 6*k + 2*n. Calculate the remainder when k is divided by 20.
17
Suppose -23 + 113 = 4*v - 2*z, -2*v + 3*z + 35 = 0. Calculate the remainder when v is divided by (-21)/35 - (-38)/5.
4
Let z = 6 + -2. Let y = z + -4. What is the remainder when 13 is divided by -3 + 6 + y + 5?
5
Let t = -71 + 104. Let b = t - 7. Calculate the remainder when 76 is divided by b.
24
Let v(u) = -2*u - 3. Calculate the remainder when v(-3) is divided by 1.
0
Let h be (29/(-4))/((-2)/16). Let o = -27 + h. What is the remainder when o is divided by 17?
14
Let y = -7 - -2. Calculate the remainder when (-9)/3 + (-175)/y is divided by 17.
15
Calculate the remainder when 33 is divided by 40/2 + -3 + 0.
16
Suppose -3*z = i - 41, -3*z + i = -z - 19. Calculate the remainder when (4 - (-52)/(-16))*76 is divided by z.
9
Let c = 0 + 3. Suppose c = 2*u - u. Let t(g) = -g**2 + 8*g - 4. Calculate the remainder when 21 is divided by t(u).
10
Let k(v) = v**2 + v + 1. Let t(c) = -c**3 - 6*c**2 - 3*c - 5. Calculate the remainder when t(-6) is divided by k(-3).
6
Let l(q) = -q**2 + 5*q + 3. Calculate the remainder when 13 is divided by l(4).
6
Calculate the remainder when 24 is divided by (3 + -2 + 0)*13.
11
Let d(w) = -28*w - 1. Let a be d(-2). Let u = a + -10. Suppose u = q - 5*k, 3*q - 2*k - 96 + 13 = 0. Calculate the remainder when q is divided by 13.
12
Suppose -2*p = 3*c - 34, -2*p + 58 = 8*c - 3*c. What is the remainder when 13 is divided by 1*-1*(7 - c)?
3
Let u be (-3)/(-3 + 2) - 2. Let r be -1*((-1)/u - 0). What is the remainder when ((-30)/(-3))/(r - 0) is divided by 4?
2
Let c = 20 - -6. Calculate the remainder when 102 is divided by c.
24
Suppose 5*o + 2*f - 229 = 0, 0 = o + 4*f - f - 51. Let i = -29 + o. What is the remainder when 47 is divided by i?
15
Let g be 2/3 + (-105)/9. Let c = g - -70. Calculate the remainder when c is divided by 15.
14
Suppose -3*t + 55 = q, 3*t - 4*q + q - 75 = 0. Let n = -1 - 0. What is the remainder when t is divided by (1 + -8)/(n + 0)?
6
Let v = -59 + 64. Calculate the remainder when 22 is divided by v.
2
Suppose -4*d + 5*f - 9 + 42 = 0, -4*f = -3*d + 26. Suppose 106 = 5*m + i - 22, d*i = -2*m + 56. What is the remainder when m is divided by 9?
7
Let g(l) = l + 27. Let u(t) = t**3 - t + 2. What is the remainder when u(3) is divided by g(-13)?
12
Let z(m) = -m**3 + 4*m**2 + 3. Let a be z(4). Suppose a*d = -c + 91, 4*d - 2*c - 121 = -3*c. Calculate the remainder when d is divided by 16.
14
Suppose 3*i - 21 = -3*s, -i + 2*s + 4 = -6. Let r = 14 - i. Calculate the remainder when 28 is divided by r.
4
Let z = -86 - -131. What is the remainder when z is divided by 12?
9
Let f(b) = 3*b**2 + 2*b + 4. Calculate the remainder when f(3) is divided by 13.
11
Suppose -2*b - 4 = 2*z - 14, -4*b = -z + 25. Calculate the remainder when 34 is divided by z.
7
Suppose -3*p + 133 = 5*r - 103, -2*p = -5*r + 226. Suppose -2*o + o = -r. What is the remainder when o is divided by 5/(-5) + 13/1?
10
Let t = 4 - -1. Suppose -5*n = 20, 0 = -5*x + 5*n - t - 0. Let q(d) = -2*d - 4. What is the remainder when 16 is divided by q(x)?
4
Calculate the remainder when (-64 - 3)/(-1 + 0) is divided by 23.
21
Suppose 0 = -2*b - 4*y + 42, -3*y - 2*y = b - 21. Calculate the remainder when 81 is divided by b.
18
Let b be (4/3)/(2/3). Suppose 15 = b*c + c. Suppose 0 = 2*n + 3*n - 70. What is the remainder when n is divided by c?
4
Suppose -2*b - c + 219 = 0, 2*c - 42 = -b + 66. Suppose 4*a - 96 = -4*q, 2*a = -5*q - a + b. Calculate the remainder when q is divided by 7.
5
Suppose 5*t = 82 + 78. What is the remainder when 94 is divided by t?
30
Let p = 121 + -84. Calculate the remainder when 147 is divided by p.
36
Suppose 0 = 4*n - 2*n - 18. What is the remainder when 15 is divided by n?
6
Let f be 5/2 - (-2)/(-4). Suppose -2*w + 5*i + 2 = -5, -f*i = 2*w. Calculate the remainder when 1 is divided by w.
0
Let a = -37 - -167. What is the remainder when a is divided by 33?
31
Let y(k) be the first derivative of -k**4/4 - 10*k**3/3 - k**2/2 + 2*k - 3. What is the remainder when 22 is divided by y(-10)?
10
Let s be 22/6*6/1. Suppose -3 = 2*w - 5*m - 4, 5*w - 16 = -m. Suppose 55 = w*q + s. Calculate the remainder when 21 is divided by q.
10
Let r(j) = 2*j**2 - 2*j - 1. Let c be r(-1). Suppose c*o - 45 = 9. What is the remainder when 34 is divided by o?
16
What is the remainder when (-10)/(-45) + (-205)/(-9) is divided by 9?
5
Let u = 265 - 140. What is the remainder when u is divided by ((-64)/6)/(1/(-3))?
29
Let p = -49 + 90. What is the remainder when p is divided by 11?
8
Let s(i) = i**2 + 3*i - 1. Let h be s(-4). Let j = 48 + -20. Suppose h*o - 11 = 3*a + j, -8 = 4*a. What is the remainder when o is divided by 4?
3
Let r be (-2)/(-8) + 4/(-16). Suppose r*o = -o + 149. Suppose -5*p = -3*g - o, -3*p + g - 53 = -5*p. What is the remainder when p is divided by 15?
13
Suppose -5*u = 5*w - 90, 5*u + 24 = 6*u - 5*w. What is the remainder when 58 is divided by u?
1
Suppose -3*s - 4*v = -122, 6*s - 3*s - 123 = -3*v. What is the remainder when s is divided by 16?
10
Let l(a) = a**3 - a**2 - 2. Let w be 16/40 - 4/10. Let u be l(w). Calculate the remainder when 4 is divided by u/(-8) - 11/(-4).
1
Suppose r + 39 = z, -67 = -2*z - 5*r - 3. Calculate the remainder when z is divided by 10.
7
Suppose 0 = -3*a + 62 - 5. Let q = a + -7. What is the remainder when 34 is divided by q?
10
Let b(q) = q**3 - 3*q**2 - 3*q. Suppose -3*a + 4*r + 50 = -a, a - 4*r = 31. Calculate the remainder when b(5) is divided by a.
16
Suppose 7*z - 24 = 4*z. Calculate the remainder when 29 is divided by z.
5
Suppose 0*w = -3*w + 135. What is the remainder when w is divided by 16?
13
Suppose -x + 4*x - 42 = -5*t, 2*t + 30 = 4*x. Suppose x*v - 65 = 4*v. Calculate the remainder when 35 is divided by v.
9
Suppose -5*h = -h + 4*v - 40, 5*v = -3*h + 34. Let j(y) = y**3 - 6*y**2 - 6*y - 3. What is the remainder when j(h) is divided by 20?
17
Let j = -5 - -8. Suppose -14 = -2*t - 2*f, -4*t + 7 + 21 = 3*f. What is the remainder when t is divided by j?
1
Calculate the remainder when 30/25*(-70)/(-3) is divided by 10.
8
Suppose -4*t - 10 + 2 = -4*q, -20 = -4*q - 2*t. Calculate the remainder when (-3 - -4)/(1/13) is divided by q.
1
Let m(k) = -k**3 + 7*k**2 + 9*k - 1. Let o(t) = t**2 + 5*t + 2. Let y be o(-6). What is the remainder when 20 is divided by m(y)?
6
Suppose -g = 2*g - 231. What is the remainder when g is divided by 20?
17
Let a(y) = -y**3 - 8*y**2 - 8*y + 3. Let w = 27 - -52. Let b = -50 + w. What is the remainder when b is divided by a(-7)?
9
Let f = 3 - -5. Let y = 8 - 5. Suppose 0 = y*z + z - 88. What is the remainder when z is divided by f?
6
Let s = 19 - -6. Calculate the remainder when 48 is divided by s.
23
Let p(m) = 2*m**2 - 6*m - 4. Suppose -10 = -4*n - 2*h + 2, -n + 5*h = -14. Suppose 0 = n*z - 2*z - 12. Calculate the remainder when p(z) is divided by 11.
10
Suppose 21 = 8*u + 5. Calculate the remainder when 3 is divided by u.
1
Let g = 9 + -5. Suppose g*b = -4*z - 0*z + 4, -3*b + 5 = 2*z. What is the remainder when 15 is divided by 5 + b/(0 - 3)?
3
Suppose